i and 13131.
9
Suppose 32 = 18*o - 4. Let j(a) be the first derivative of 4*a**3 + 2*a + 2. Let u be j(o). Calculate the greatest common divisor of 10 and u.
10
Let t = 3253 - 2626. What is the greatest common factor of t and 1083?
57
Suppose 0 = -f - 14 + 42. Let m(a) = -22*a + 88. Let g be m(-10). Calculate the highest common factor of f and g.
28
Let f(o) = -o**2 + 61*o - 118. Let k be f(45). What is the greatest common divisor of 14 and k?
14
Let c = 2606 + 8492. What is the highest common divisor of c and 310?
62
Let r be 1/(-4) - ((-3)/15)/(68/322405). What is the greatest common divisor of r and 1817?
79
Let x(m) = 3*m**2 - m - 4. Let r be x(3). Suppose -146*s + 152*s - 690 = 0. Let o = 127 - s. Calculate the highest common factor of o and r.
4
Let h be (-222636)/(-156) + 2/(-13). Suppose -9*t + 1309 = -h. Calculate the highest common factor of 16 and t.
16
Let c(q) = -q**3 - 29*q**2 + 26*q - 118. Let m be c(-30). What is the highest common factor of 149 and m?
1
Let g = 76 + -71. Suppose 2*n - g*y - 86 = 0, 2*n + 5*y = 53 - 7. What is the highest common divisor of 22 and n?
11
Let l(z) = 39*z - 48. Let q be l(12). Suppose -5*t - q = -10*t. What is the greatest common divisor of t and 56?
28
Let k be -39 + 39 + 4 + 82 + 4. Calculate the greatest common divisor of k and 1485.
45
Suppose 25210 + 126219 - 13447 = 61*z. What is the greatest common factor of z and 39?
39
Suppose 8 = -k + 12. Let i(u) = 9*u - 4. Let j be i(k). Let b = 22 + j. What is the greatest common divisor of 135 and b?
27
Suppose -1578*u - 70 = -1580*u. What is the greatest common divisor of u and 3825?
5
Let t be ((-6)/(-9))/(4/(-42)). Let w be 8*((-84)/16)/t. Suppose w*l = l + 50. Calculate the highest common divisor of l and 40.
10
Let i = 30 - 21. Suppose 992 = 5*v + 2*k - 1575, v - 508 = 5*k. Suppose 27*f - v = 8*f. Calculate the greatest common factor of f and i.
9
Let x(z) = z**3 + 10*z**2 - 4*z - 8. Let m be x(-10). Suppose -2*d + 0*g + 4*g = -172, 2*g - 202 = -2*d. Calculate the greatest common divisor of m and d.
32
Let t = -26100 - -26114. Suppose -6*i + 4*i = 0. Suppose -2*o - 3*o + 280 = i. What is the highest common factor of t and o?
14
Let v(w) = w**2 + 17*w - 113. Let h be v(6). Suppose 0 = -h*u + 30*u - 615. What is the highest common factor of u and 41?
41
Let i(t) = t**3 + 44*t**2 + 87*t + 158. Let v be i(-42). Suppose 700 = -v*c + 37*c. Calculate the greatest common factor of 60 and c.
20
Let j = -17037 - -20412. Calculate the greatest common factor of 54 and j.
27
Suppose 9*u - 73 = -235. Let a = u + 30. Suppose 98 = -a*f + 13*f. Calculate the greatest common divisor of f and 14.
14
Suppose -115*u + 112*u = 4*o - 4858, 5*o + 5*u - 6070 = 0. What is the greatest common factor of o and 256?
64
Suppose 6*w + 10 = 484. Suppose -9*f + 5*f + w = 3*s, 2*f = 4*s + 56. Calculate the greatest common factor of f and 11.
11
Let z be (-1)/((-7)/315) + 0 + 3. Suppose -133 + 33 = -2*v. Suppose v*w = z*w + 58. What is the highest common factor of w and 58?
29
Let k = -4 + 6. Suppose -27*f = -125 + 17. Let y be ((-25)/(-10))/(k/f). Calculate the highest common factor of 65 and y.
5
Let g be 115 + (8 + 2 - -7). Suppose 108 = 4*r + 5*r. Calculate the greatest common factor of r and g.
12
Let a = -732 - -750. Suppose 11*i - 3*i - 1152 = 0. Calculate the highest common divisor of i and a.
18
Suppose -60 = -5*f + 3*a, -6*a + 36 = 3*f - 8*a. Let k be (f/4)/9 - (-484)/6. Calculate the highest common divisor of 108 and k.
27
Let q be ((-18)/12)/(2/(-28)). What is the highest common factor of q and 175?
7
Let j = 12855 + 11369. Calculate the greatest common divisor of j and 16.
16
Let m = -78 + 84. Let a be 4/m - (80/12)/1. Let s be (a/15)/(3/(-480)). Calculate the highest common factor of s and 8.
8
Suppose -22*k = -228 - 608. Suppose k*b - 18526 = -5302. What is the highest common divisor of b and 24?
12
Let j(q) = 104*q + 978. Let m be j(-9). What is the greatest common factor of m and 1344?
42
Suppose -2*c + 31*k + 65 = 36*k, -3*c - 4*k + 87 = 0. Calculate the highest common factor of c and 11225.
25
Let t be 140/105 - 70/(-6). Let j(r) = -r**2 + 15*r - 19. Let d be j(11). Let y = 79 + d. Calculate the greatest common factor of y and t.
13
Suppose -16*i + 17*i + 3*k - 5656 = 0, -2*i - 5*k + 11308 = 0. What is the highest common divisor of i and 68?
68
Suppose 0 = -6*g + 328*g - 1362704. Calculate the highest common factor of 368 and g.
184
Let b be (-3)/(-5) - 4637*4/(-20). Suppose 2*o - b = -2*v, -3*v + 394 = o - 62. What is the greatest common factor of 12 and o?
12
Let a(t) = t - 21. Let c be a(0). Let g = -4 - c. Let w be (-2)/((-5)/((-340)/(-8))). What is the greatest common divisor of w and g?
17
Let l = 16 + -12. Suppose -4*p + 2*x + 365 = -219, 0 = 3*p + l*x - 416. What is the highest common divisor of 9 and p?
9
Let j(w) be the first derivative of -10*w - 17 + w**3 + 1/2*w**2. Let s be j(6). Calculate the greatest common divisor of s and 26.
26
Let p(b) = 13*b - 300. Let y be p(25). Let d be -3 + ((-6)/7)/((-6)/546). Calculate the highest common factor of y and d.
25
Suppose -20 = -3*b + 5*n - 0*n, -n = -3*b + 16. Suppose 4*i + b*x - 385 = 0, 9*i - 5*x = 5*i + 335. Calculate the highest common factor of i and 40.
10
Let h(g) = -3*g**2 - 170*g + 416. Let u be h(-59). Calculate the greatest common factor of 10 and u.
1
Let y = 2864 + -2838. Let z be (338/4)/(3/6). Calculate the highest common factor of y and z.
13
Let u = -6110 - -7635. Calculate the greatest common divisor of 100 and u.
25
Let h(b) = -186*b + 58 + 42*b + 54*b + 45*b + 47*b. Let p = 20 - 40. Let y be h(p). What is the greatest common factor of 42 and y?
6
Suppose -5*s = i - 3225, 11*s - 8*s - 4*i - 1958 = 0. Calculate the highest common divisor of 68 and s.
34
Let y = 37750 - 37733. What is the greatest common factor of y and 41667?
17
Let a be -14*((-28)/7 - (-1 - (-2)/4)). What is the greatest common divisor of a and 203?
7
Let j be (1 - 0)*(0 + -3). Let w be j/2 + (-27)/(-6). Suppose 0 = -k + w - 2. What is the highest common divisor of 3 and k?
1
Let f(s) = 7*s**2 + 29*s - 178. Let p be f(-8). Calculate the highest common factor of p and 30172.
38
Let r = -98 + 186. Let g(v) = 9*v**2 - 3*v - 15*v**2 + 13*v**2. Let n be g(2). What is the greatest common divisor of n and r?
22
Let i be 25/(-50)*(0 - 418). Let v be -1 + -2 + 0 + 25. What is the greatest common factor of i and v?
11
Let q(z) = 160*z - 808. Let c be q(23). Calculate the highest common factor of 8 and c.
8
Let f(b) = 87*b - 990. Let z be f(15). Calculate the greatest common divisor of 135 and z.
45
Let b = 17 - 26. Let s be b/12*448/(-2). Suppose 7*u = 4*u - 2*x + 57, 4*u - 69 = -5*x. What is the highest common divisor of u and s?
21
Let y be 54/20 - 330/275 - 63/(-2). Calculate the greatest common factor of y and 77.
11
Let d = -103 + 61. Let u = d - -48. Suppose 2*a - u*a = -1120. Calculate the greatest common factor of a and 35.
35
Suppose -15*k + 821 + 379 = 0. Suppose 7*u - k = -66. What is the highest common divisor of 7 and u?
1
Let q be (200/60)/(705/(-711) - -1). Let m = -299 + q. Let d = 119 + -55. What is the highest common divisor of d and m?
32
Let p(m) = -2*m**2 - 9*m + 29. Let t be (-8 + (-40)/(-6))/(2/(-9)). Let u be p(t). Let s = u + 109. Calculate the greatest common factor of s and 18.
6
Suppose 4*o = 5*o + 2*c - 61, 5*o + 4*c - 275 = 0. Let h = o - -169. Let y = 285 + -265. What is the highest common factor of y and h?
20
Let z = 3365 - 3357. What is the greatest common divisor of z and 4096?
8
Suppose 34631*f = 34654*f - 1955. What is the greatest common divisor of f and 945?
5
Suppose 85*x + 9570 = 45*x + 41*x. Calculate the highest common factor of 20 and x.
10
Suppose -93*a + 92*a = -5. Suppose a*j + 52 - 287 = 0. What is the highest common factor of j and 470?
47
Let p(c) = -13*c**3 + 5*c**2 - c + 1. Suppose -5*t + 11 = -2*a + 5*a, -4*t = -16. Let m be p(a). What is the greatest common divisor of 25 and m?
25
Let n be -5*(-11)/165 - (-3275)/3. Calculate the greatest common divisor of n and 140.
28
Let v be -3*(-7 - 0)*(-57)/(-9). Suppose -3*d = v - 175. What is the greatest common factor of d and 574?
14
Suppose -16 = -8*i + 48. Suppose -6*z + 28 = -5*z. Let b be 217/z + (-1)/(-4). Calculate the greate